nder when x is divided by 3?
2
Suppose 0 = 46*y - 41*y - 145. What is the remainder when y is divided by (-92)/(-9) - 8/36?
9
Let j = -3 - -3. What is the remainder when j + (8 - 0)/1 is divided by 5?
3
Let x = -16 - -32. Let i(w) = 2*w**2 - 4*w - 1. Let b be i(3). Let z = b - -4. What is the remainder when x is divided by z?
7
Let x(d) be the third derivative of -13*d**4/12 - d**3/2 + 2*d**2. Calculate the remainder when x(-2) is divided by 17.
15
Let d = 6 - 3. Suppose -y = a + 4*a - 20, 0 = -d*y - 4*a + 27. Suppose -y*q - 3 = -43. Calculate the remainder when 14 is divided by q.
6
Let h(b) = 2*b**2 + 21*b + 6. Calculate the remainder when h(-15) is divided by 48.
45
What is the remainder when 22 is divided by (15 - 21)*(0 - 2)?
10
Let d(r) = -r**2 - 11*r + 3. Let l be (-17)/(-4) - 3/12. Suppose 29 = l*f - 3*s, -2*s - 3*s = -2*f + 11. What is the remainder when f is divided by d(-11)?
2
Let t = 1 - -5. Let z = t - 3. Suppose z*n - 121 = 2*j, -190 + 2 = -4*n - 4*j. Calculate the remainder when n is divided by 15.
13
Suppose 5*c + 88 = -347. Let o be (c/6)/(1/(-2)). Let h = -18 + o. Calculate the remainder when 31 is divided by h.
9
Suppose -2*p + 8 = 3*a - 21, 0 = -3*a - 5*p + 32. Let h(k) = -k - 15. Let s be h(-7). Calculate the remainder when a is divided by (1 - (-12)/s)*-8.
1
Calculate the remainder when 1/((-4)/460*-5) is divided by 8.
7
Suppose -10*r + 7*r = 54. Let z = 89 + r. What is the remainder when z is divided by 24?
23
Let c be (-5)/(-20) - 30/(-8). Suppose 0*v + 2*v + 10 = 4*a, -28 = -4*a - c*v. Calculate the remainder when (-9)/(-1) + -1*2 is divided by a.
3
Let d be -1*-3*(0 + 1). Let g(m) = m**3 - 2*m - 4. Calculate the remainder when g(d) is divided by 5.
2
Let g(r) be the third derivative of -r**4/24 + 4*r**2. Calculate the remainder when g(-3) is divided by (-8)/6*(-3)/2.
1
Calculate the remainder when 2/1*290/20 is divided by 8.
5
Let x = 10 + 23. Let d = 42 - 30. Calculate the remainder when x is divided by d.
9
Let i(d) = 4*d + 0*d + 8*d + 1. What is the remainder when i(2) is divided by 7?
4
Let h(w) = w**2 - 3*w - 1. Let q be h(-3). Suppose -5*r + q = 67. What is the remainder when (36/(-10))/(4/r) is divided by 5?
4
What is the remainder when 5/((-1)/3*9/(-6)) is divided by 3?
1
Let z = -101 - -127. Calculate the remainder when 101 is divided by z.
23
Suppose 0 = z + 3*i - 7, -4*i - i = 2*z - 16. Calculate the remainder when 24 is divided by z.
11
Suppose -122 = -16*h + 438. Calculate the remainder when h is divided by 10.
5
Suppose -3*j - 100 = -8*j. Suppose 2*f - 58 = 60. Calculate the remainder when f is divided by j.
19
Suppose 5*t - 18 = 52. Suppose -3*a - 5*l = -137, -2*a + l + 66 = -2*l. What is the remainder when a is divided by t?
11
Let c = -25 - -74. What is the remainder when c is divided by 17?
15
Suppose -9 = 5*w - 109. Suppose 3*s = 5*c + 22, -w = c + 3*c. Calculate the remainder when (s - 0)/((-1)/13) is divided by 7.
6
Let m = 90 - 47. Suppose -4*d + d = -45. What is the remainder when m is divided by d?
13
Let r(t) = -t**2 - 11*t - 4. What is the remainder when r(-4) is divided by 5?
4
Suppose 24*y = 28*y - 436. What is the remainder when y is divided by 28?
25
Suppose 2*n - 14 - 10 = 3*p, -4*p = 8. Let r be (-3)/n*0 - 0. Suppose -2*q = -r*q - 28. Calculate the remainder when q is divided by 5.
4
Let u(i) = -i**3 + 14*i**2 - 31*i - 5. Calculate the remainder when 61 is divided by u(11).
10
Suppose 27 = 5*k - 2*k. Let g = k - -1. Calculate the remainder when g is divided by 6.
4
Let g be (-3 + -6)/((-6)/4). Suppose -9*a + 75 = -g*a. What is the remainder when a is divided by 9?
7
Let g = -16 - -45. Let o = g - 16. Suppose k - 24 = o. What is the remainder when k is divided by 19?
18
Let u(w) = 3*w**2 - 6*w + 5 - 2 - w**2. Suppose 3*t - 2*t - 5 = 0. Calculate the remainder when u(t) is divided by 6.
5
Suppose -28 + 9 = -2*t - i, -t + 5 = -4*i. Let b be 18 - 59 - (0 - 3). Let c = b - -55. What is the remainder when c is divided by t?
8
Let n = 3 - 0. Let f = n + 5. Suppose 0 = -2*b - f + 32. What is the remainder when 34 is divided by b?
10
Let l(k) = -k**2 - 10*k + 9. Let z be l(-11). What is the remainder when 50 is divided by -1 - (1*28)/z?
11
Let a(w) = 11*w**3 - w**2 + 2*w - 1. Let b = 0 - -5. Suppose 4 - 24 = -b*n. Calculate the remainder when a(1) is divided by n.
3
Let g(n) = -16*n + 7. Let y be g(5). Let k be -10*22/20*(-8)/(-2). Let o = k - y. What is the remainder when o is divided by 15?
14
Suppose -p = -a + 13, 2*a + 5*p = 3*p + 38. What is the remainder when 54 is divided by a?
6
Let f = -59 + 191. Calculate the remainder when f is divided by 15.
12
Let t = -11 - -21. Suppose -5*f + 6*f - 3 = 0. What is the remainder when t is divided by f?
1
Let o be 298/4 + 6/4. Let t be (-5)/((-30)/(-4))*-3. What is the remainder when o/4 + t*-1 is divided by 6?
5
Let t(m) = -26*m + 193. Let q = -3 - -6. What is the remainder when t(7) is divided by q?
2
Suppose -4 = a - 16. Let o = -16 - -49. What is the remainder when o is divided by a?
9
Let m be 14/4 + (-2)/4. Suppose -22 = -m*b - 1. Let p(a) = a**3 - 6*a**2 - 5*a - 2. Calculate the remainder when 34 is divided by p(b).
10
Suppose -3*c = -c - 8. Suppose w + 0*a - 9 = a, -3*w = c*a - 20. What is the remainder when 15 is divided by w?
7
Let r = 60 - 41. Calculate the remainder when 48 is divided by (-3 - -4)*(-2 + r).
14
Let h(z) = z**3 - 5*z**2 - 2*z + 4. Calculate the remainder when 110 is divided by h(6).
26
Let k = -105 + 138. What is the remainder when k is divided by 20?
13
Let x = -3 - -7. Suppose 0 = -2*y + 3*w - w + 100, -2*y + 100 = x*w. What is the remainder when y is divided by 21*6/9 - 1?
11
Let z = -10 + 29. What is the remainder when 37 is divided by z?
18
Let o(j) = j**2 + j - 1. Let h be o(-3). Suppose -2*g = h*m - 448, m + g = -4*g + 108. Suppose 2*r + m = 6*r. What is the remainder when r is divided by 6?
4
Let y = -6 + 8. Suppose -4*j + 27 = 2*w - 47, 2*w - y*j - 74 = 0. Let u(v) = 12*v**3 + v. Calculate the remainder when w is divided by u(1).
11
Let b(f) = -f**3 + 6*f**2 + 3*f - 7. What is the remainder when (-3)/5 + (-765)/(-25) is divided by b(6)?
8
Suppose 86 - 438 = -4*y. Calculate the remainder when y is divided by 47.
41
Suppose 0 = -2*c + 4*c - 30. What is the remainder when c is divided by 6?
3
Suppose 0 = 2*k + 2, 2*b = -3*k + 5. Suppose b = -5*x - 1. What is the remainder when 25 is divided by 1 + x - 18/(-2)?
7
Let u be 352/20 + (-2)/(-5). Suppose 3*b - u = b. Calculate the remainder when 24 is divided by b.
6
Let m = -15 - -27. What is the remainder when 58 is divided by m?
10
Let u = -192 - -412. Suppose -2*l - u = -7*l. Suppose l = a + 3*a. What is the remainder when 21 is divided by a?
10
Let w(a) = a**3 - 4*a**2 + a + 1. Calculate the remainder when 7 is divided by w(4).
2
Let u = 1 + 0. Calculate the remainder when 76 is divided by -1 - (u - -1) - -29.
24
Let r = 12 + -10. Suppose r*v + 2*v = 16. Suppose 205 = v*m + 25. What is the remainder when m is divided by 16?
13
Suppose g - 2 = -5*p, -9 = -p - 4*g - 1. Suppose -y + 10 - 2 = p. Calculate the remainder when 23 is divided by y.
7
Suppose -2*n + 2 = -3*n, -5*n = 2*i + 22. Calculate the remainder when (i/(-9))/((-2)/(-27)) is divided by 5.
4
Suppose -3 = -5*z + 112. Suppose 2*j = -2*j + 708. Calculate the remainder when z is divided by j/15 - 1/(-5).
11
Suppose 0 = -2*w + 5*w - 12. Calculate the remainder when 11 is divided by w.
3
Suppose -1 = -5*z + 64. Let g be 3*4*(-2)/(-8). Suppose 0 = -j - 2*o + g, -4*o - 3 - 1 = 0. Calculate the remainder when z is divided by j.
3
Suppose -8 = -5*u + 7. Suppose u*m - 27 = 3. Suppose 2*c = -3*w + 62, -3*c + 2 = -w + 8. Calculate the remainder when w is divided by m.
8
Let v be 2/5 + 14/(-10). Let r(f) = -22*f. Calculate the remainder when r(v) is divided by (18 - 0)*4/6.
10
Suppose 4*c + 4*r = 36, -3*c + 19 = -4*r - 22. What is the remainder when 41 is divided by c?
8
Let x(t) = t**3 + 6*t**2 - 2*t - 12. Let a be x(-6). Suppose -g = -a*g - 8. Calculate the remainder when 23 is divided by g.
7
Suppose -l - 12 = -5*l. Suppose -o + l*m + 0*m = -10, -4 = 4*m. Suppose -4*z + 55 = -25. Calculate the remainder when z is divided by o.
6
Let q = 9 + -7. Let r = q - -14. What is the remainder when (-2 - (-56)/(-2))*-1 is div